.
1c
What is 1033 (base 4) in base 14?
59
Convert -50 (base 10) to base 2.
-110010
15 (base 16) to base 4
111
What is -52 (base 8) in base 9?
-46
What is 2 (base 4) in base 5?
2
Convert -11 (base 6) to base 7.
-10
10 (base 4) to base 15
4
What is -221 (base 5) in base 10?
-61
-18 (base 11) to base 3
-201
Convert 110 (base 2) to base 10.
6
-4 (base 9) to base 5
-4
What is -111 (base 11) in base 4?
-2011
What is 1 (base 5) in base 13?
1
Convert -13 (base 9) to base 13.
-c
What is 1 (base 14) in base 5?
1
Convert -11000 (base 2) to base 11.
-22
What is a (base 16) in base 14?
a
What is 2 (base 11) in base 5?
2
130 (base 9) to base 16
6c
What is -200 (base 8) in base 16?
-80
Convert 10222 (base 3) to base 10.
107
Convert 10011100 (base 2) to base 13.
c0
2 (base 8) to base 10
2
Convert -15 (base 16) to base 14.
-17
What is 4 (base 8) in base 10?
4
Convert 1 (base 11) to base 2.
1
-12 (base 8) to base 13
-a
Convert -40 (base 9) to base 8.
-44
8 (base 14) to base 5
13
What is 32 (base 5) in base 4?
101
3c (base 14) to base 4
312
-131 (base 4) to base 3
-1002
What is -12 (base 5) in base 6?
-11
-134 (base 5) to base 6
-112
Convert 1110 (base 5) to base 4.
2123
Convert 4 (base 15) to base 16.
4
What is -9a (base 11) in base 9?
-131
-31 (base 11) to base 9
-37
1 (base 4) to base 2
1
22 (base 9) to base 7
26
Convert 10 (base 3) to base 10.
3
What is 64 (base 9) in base 12?
4a
What is -1200 (base 4) in base 14?
-6c
What is 3 (base 11) in base 13?
3
-30 (base 11) to base 7
-45
1e (base 15) to base 5
104
Convert 5 (base 10) to base 7.
5
What is -5 (base 14) in base 10?
-5
Convert -1 (base 3) to base 9.
-1
What is -2 (base 4) in base 3?
-2
-4 (base 8) to base 14
-4
0 (base 5) to base 6
0
-4 (base 11) to base 8
-4
Convert 4 (base 8) to base 7.
4
Convert 218 (base 10) to base 9.
262
Convert -1101 (base 2) to base 3.
-111
What is 3d (base 15) in base 13?
46
Convert -40 (base 12) to base 5.
-143
What is 2 (base 10) in base 11?
2
What is 20 (base 11) in base 10?
22
Convert -3 (base 12) to base 13.
-3
What is -96 (base 14) in base 5?
-1012
-21 (base 3) to base 8
-7
11000 (base 2) to base 3
220
Convert -100 (base 2) to base 14.
-4
What is 12 (base 6) in base 13?
8
-201 (base 6) to base 16
-49
Convert 310 (base 5) to base 2.
1010000
What is -37 (base 9) in base 12?
-2a
-123 (base 7) to base 15
-46
3 (base 12) to base 4
3
What is 99 (base 14) in base 6?
343
Convert -200 (base 3) to base 8.
-22
Convert 34 (base 11) to base 9.
41
250 (base 6) to base 13
7b
3 (base 7) to base 5
3
What is 10 (base 10) in base 14?
a
26 (base 8) to base 11
20
What is -20 (base 9) in base 7?
-24
Convert -10 (base 4) to base 16.
-4
What is -4 (base 16) in base 7?
-4
What is -5a (base 15) in base 14?
-61
-27 (base 14) to base 4
-203
Convert -16 (base 8) to base 14.
-10
Convert 1 (base 13) to base 8.
1
-104 (base 6) to base 8
-50
11 (base 3) to base 8
4
a (base 12) to base 8
12
What is -11 (base 6) in base 12?
-7
Convert -23 (base 11) to base 6.
-41
30 (base 4) to base 5
22
What is 12 (base 14) in base 5?
31
-6b (base 15) to base 8
-145
What is -32 (base 11) in base 15?
-25
d (base 15) to base 12
11
What is 30 (base 10) in base 4?
132
Convert -102 (base 6) to base 2.
-100110
87 (base 9) to base 3
2221
Convert 1000 (base 2) to base 14.
8
What is 1122 (base 3) in base 11?
40
What is -200 (base 7) in base 9?
-118
What is 65 (base 10) in base 4?
1001
Convert 114 (base 13) to base 2.
10111010
Convert -11 (base 2) to base 7.
-3
Convert -21 (base 3) to base 11.
-7
What is 51 (base 12) in base 7?
115
110 (base 2) to base 6
10
-7 (base 13) to base 8
-7
What is -33 (base 9) in base 11?
-28
1 (base 11) to base 5
1
Convert -100000 (base 3) to base 12.
-183
Convert 233 (base 5) to base 15.
48
a (base 12) to base 16
a
Convert 20212 (base 3) to base 16.
b9
1 (base 11) to base 6
1
Convert -14b (base 12) to base 13.
-128
1103 (base 5) to base 6
413
Convert -324 (base 5) to base 2.
-1011001
150 (base 7) to base 3
10010
21 (base 5) to base 15
b
-14 (base 5) to base 14
-9
What is -15 (base 11) in base 5?
-31
Convert 1332 (base 5) to base 15.
e7
Convert 168 (base 9) to base 14.
a3
13 (base 5) to base 12
8
Convert 101 (base 2) to base 8.
5
-30 (base 4) to base 7
-15
Convert 3 (base 6) to base 16.
3
Convert 125 (base 11) to base 8.
224
What is 2 (base 10) in base 9?
2
-3 (base 7) to base 2
-11
-4 (base 7) to base 6
-4
Convert 2 (base 10) to base 9.
2
Convert 3 (base 6) to base 5.
3
What is 131 (base 9) in base 3?
11001
Convert 1211 (base 4) to base 12.
85
What is -2300 (base 5) in base 10?
-325
What is 29 (base 10) in base 3?
1002
Convert 0 (base 6) to base 15.
0
What is -10 (base 2) in base 10?
-2
Convert -3103 (base 4) to base 7.
-421
What is -bf (base 16) in base 4?
-2333
Convert 1001101 (base 2) to base 15.
52
Convert -213 (base 5) to base 15.
-3d
What is 112 (base 4) in base 8?
26
Convert d (base 16) to base 9.
14
21 (base 7) to base 6
23
Convert 10 (base 3) to base 14.
3
3 (base 6) to base 8
3
Convert -30 (base 5) to base 3.
-120
-312 (base 4) to base 15
-39
What is 210 (base 3) in base 15?
16
-5 (base 7) to base 11
-5
0 (base 4) to base 6
0
What is 0 (base 15) in base 12?
0
Convert -45 (base 7) to base 13.
-27
What is -4 (base 6) in base 4?
-10
-10 (base 15) to base 10
-15
What is 0 (base 15) in base 8?
0
What is 13 (base 10) in base 5?
23
What is 101 (base 4) in base 8?
21
What is -38 (base 12) in base 11?
-40
What is -3 (base 4) in base 8?
-3
Convert -100 (base 3) to base 9.
-10
-100 (base 5) to base 10
-25
What is 2c (base 16) in base 12?
38
What is -6 (base 7) in base 9?
-6
12 (base 8) to base 4
22
47 (base 15) to base 12
57
-200 (base 12) to base 4
-10200
What is -9 (base 16) in base 9?
-10
What is 104 (base 7) in base 13?
41
0 (base 16) to base 8
0
175 (base 9) to base 4
2111
Convert 10 (base 2) to base 14.
2
-4 (base 10) to base 2
-100
105 (base 15) to base 7
446
Convert -11 (base 4) to base 12.
-5
-b (base 13) to base 7
-14
What is 134 (base 7) in base 2?
1001010
-14a (base 14) to base 12
-19a
What is -3 (base 7) in base 15?
-3
Convert -1b (base 14) to base 9.
-27
Convert -3 (base 7) to base 12.
-3
Convert 10011 (base 2) to base 9.
21
What is 0 (base 13) in base 11?
0
-110 (base 2) to base 7
-6
What is 47 (base 12) in base 4?
313
What is 6 (base 15) in base 2?
110
Convert 4 (base 8) to base 14.
4
1 (base 14) to base 11
1
1 (base 11) to base 12
1
10 (base 2) to base 7
2
What is -1 (base 2) in base 4?
-1
What is -60 (base 8) in base 10?
-48
What is -11 (base 2) in base 11?
-3
What is -36 (base 8) in base 14?
-22
What is 14 (base 8) in base 14?
c
Convert 3 (base 12) to base 13.
3
11 (base 2) to base 5
3
What is -82 (base 13) in base 7?
-211
What is -2331 (base 5) in base 16?
-155
Convert -3 (base 5) to base 10.
-3
51 (base 16) to base 14
5b
What is -5 (base 15) in base 11?
-5
28 (base 9) to base 7
35
Convert -269 (base 11) to base 5.
-2232
Convert 1150 (base 6) to base 14.
162
What is -2 (base 12) in base 15?
-2
What is 118 (base 9) in base 2?
1100010
10100110 (base 2) to base 13
ca
What is -29 (base 15) in base 4?
-213
-18 (base 11) to base 14
-15
2 (base 5) to base 14
2
What is -46 (base 15) in base 12?
-56
-22 (base 5) to base 4
-30
Convert 16 (base 8) to base 14.
10
6 (base 7) to base 15
6
-23 (base 4) to base 10
-11
15 (base 14) to base 6
31
What is 441 (base 6) in base 9?
207
What is 111 (base 2) in base 16?
7
3 (base 5) to base 6
3
Convert 1010 (base 2) to base 5.
20
11 (base 2) to base 10
3
-1020 (base 5) to base 8
-207
Convert 6 (base 11) to base 6.
10
What is -2 (base 8) in base 12?
-2
-5 (base 7) to base 9
-5
What is -11 (base 4) in base 8?
-5
-a (base 15) to base 5
-20
Convert 201 (base 3) to base 15.
14
Convert 9 (base 14) to base 6.
13
Convert 230 (base 4) to base 16.
2c
Convert 1 (base 5) to base 14.
1
-8a (base 12) to base 4
-1222
-55 (base 6) to base 3
-1022
What is 44 (base 7) in base 3?
1012
What is 34 (base 8) in base 16?
1c
18 (base 11) to base 15
14
What is -8 (base 14) in base 3?
-22
Convert -28 (base 9) to base 2.
-11010
1 (base 12) to base 8
1
What is -23 (base 7) in base 16?
-11
12 (base 11) to base 14
d
77 (base 16) to base 14
87
-4 (base 13) to base 2
-100
312 (base 6) to base 9
138
Convert -14 (base 9) to base 15.
-d
Convert d (base 15) to base 16.
d
Convert -1 (base 8) 